 i = t - 21. List the prime factors of i.
2, 3
Let z = -13 + 21. Let b = 0 - -2. Suppose -b*v + z = -v. List the prime factors of v.
2
Suppose -4*w + 21 = -w. Let c be (-2 + 5)/((-6)/(-8)). Let m = w - c. What are the prime factors of m?
3
List the prime factors of 0 + 421 + (-11)/(77/28).
3, 139
Let s = -9 + 14. Let f be (-54)/(-10) - 2/s. List the prime factors of (f/(-5))/((-2)/10).
5
Let a(j) = 5*j + 1. Let o be a(1). Let d be -2 - (-8)/o*3. Suppose d = -2*n - 2, 13 = u - 5*n. List the prime factors of u.
3
Suppose 5*q = 3*f - 13 + 1, -4*q = -2*f + 8. Let a be q/((-6)/(-2)) - -2. Suppose 4*p + 12 = -r, -r - a*p = p + 8. What are the prime factors of r?
2
Let j(u) = -2*u**2 - 7*u - 6. Let w be j(-6). Let l = 55 + w. What are the prime factors of l?
19
Suppose 0 = 5*p + 4*y - 9, -2*y + 3 = -2*p + 3*y. List the prime factors of (-530)/(-40)*(p - -3).
53
Let z = 6 - -5. Let w(i) = 2*i - 16. What are the prime factors of w(z)?
2, 3
Let h(k) = k**2 - 4*k + 3. What are the prime factors of h(4)?
3
Let q(f) = -f + 7. List the prime factors of q(4).
3
Let x(s) = s**3 + 2*s**2 - 3*s + 4. Let d be -3*2/2*1. What are the prime factors of x(d)?
2
Suppose 0 = -6*d + 2*d + 24. Suppose 4*q + q + y = -3, 2*y + d = q. What are the prime factors of (q + 3)/(-3)*-2?
2
Let q = -6 + 6. Suppose -12 = -q*f + 2*f. List the prime factors of (f - (0 + -1))*-1.
5
Suppose -5*u + 143 = -4*u. List the prime factors of u.
11, 13
Suppose 3*h + 2 = 3*o + 23, h = 2*o + 13. Let i = 1 - o. List the prime factors of i.
7
Let x(l) = -6*l - 1. What are the prime factors of x(-9)?
53
Let v(u) = 4 - 16*u + 9*u + 1 + 9*u. List the prime factors of v(3).
11
Suppose 5*o - c = 20, -o - 3*c = -0*o + 12. Suppose o*n + 7 = -5*r + 3, 0 = 3*n + r - 16. What are the prime factors of n?
7
Let d(q) = -q**2 + 3*q. Let c be d(3). Suppose c = -2*r - r - 24. Let s = 13 + r. List the prime factors of s.
5
Let q = 56 - -51. List the prime factors of q.
107
Let a = 79 + -63. List the prime factors of a.
2
Let f be ((-30)/8)/((-1)/(-4)). Let q be (-6)/f - 163/(-5). Suppose -q = -4*u - 5. What are the prime factors of u?
7
Let j(y) = 2 + 13*y - 8 + 5 + 2. What are the prime factors of j(2)?
3
Let v = 65 - 19. Let i = -30 + v. Let o = 27 - i. List the prime factors of o.
11
Suppose -4*x + 100 = -24. Let t = x - 2. What are the prime factors of t?
29
What are the prime factors of -1*1*3/((-9)/1047)?
349
Let h(p) = 44*p**3 + 2*p**2 + p - 2. List the prime factors of h(1).
3, 5
Let i(g) = g**3 + 5*g**2 - 4*g - 4. Let b be i(-6). Suppose -2 = 47*t - 48*t. Let n = t - b. What are the prime factors of n?
2, 3
Let m(n) = -5*n - 3 - n + 4*n. Let t = 7 + -10. List the prime factors of m(t).
3
Suppose -976 = -5*c + 49. What are the prime factors of c?
5, 41
Let p(a) = a**3 + 5*a**2 + 2. Let c be p(-5). Suppose -30 = -c*f + 42. List the prime factors of f.
2, 3
Let v(p) = 0*p**2 - p - p**2 - 3 + 7*p + 1. Let h be v(5). Suppose -h*j - 2*j = -35. What are the prime factors of j?
7
Let r(v) = -v**3 + 9*v**2 + 13*v - 13. Let y be 6/(-9)*-15 - 0. What are the prime factors of r(y)?
17
Let s = 31 + -16. Let z be (25/s)/(2/24). Suppose -t = 4*t - z. List the prime factors of t.
2
Let t = -31 - -51. What are the prime factors of t?
2, 5
Suppose 0 = -5*i + 3*t - 9 - 17, -4*i = -2*t + 20. Let n(y) = y**3 + 5*y**2 + 2*y + 3. What are the prime factors of n(i)?
11
Let y(s) = s**3 + 2*s**2 - 2*s + 1. Let o be y(3). Suppose -3*m + 6*m + 75 = 3*g, -g - 2*m + o = 0. List the prime factors of g.
2, 3, 5
Suppose 0 = 2*g + j + 2*j - 149, -5*j = -5*g + 310. List the prime factors of g.
67
Let c = 6 + 4. Let h be -1*1 - (44 - c). List the prime factors of 10/h + (-270)/(-14).
19
Let h(j) = -j**3 + 10*j**2 + 12*j - 8. What are the prime factors of h(11)?
3
Suppose 2*s - 6 = -4*r - 0*r, 5*r = -5*s - 5. Suppose -r*p + 2*p = 28. Let d = 24 + p. List the prime factors of d.
2, 5
Suppose -n + 5*c = -21, -c + 0*c = 4*n - 42. Let g(u) = u**3 - 12*u**2 + 13*u - 12. What are the prime factors of g(n)?
2, 5
Suppose 4*s = 6*s + 4*l, 2*s = 2*l. What are the prime factors of s + 3 + 1 + 1?
5
Let u be 0 + (0 - 0) - -1. Let q = -1 + u. Suppose -2*c = -q*j + j + 4, -j = 3*c + 9. List the prime factors of j.
2, 3
Suppose -3 + 48 = 3*m. Let r = 25 - m. List the prime factors of r.
2, 5
Let z be (-30)/8 - (-6)/(-24). Let y be (z/6)/(5/315). Let w = y - -60. List the prime factors of w.
2, 3
Let o = -2 + 8. Let d = -4 + o. Suppose -18 = -d*c + 6. List the prime factors of c.
2, 3
Let q(c) = -c**2 - c + 7. Let i(p) = -4*p**3 - 2*p**2 + 1 + p**3 + 4*p**3. Let h be i(1). What are the prime factors of q(h)?
7
Let r = -68 + 97. What are the prime factors of r?
29
Suppose -3*y + 2*w = -8*y + 12, 2*y + 2*w = 6. Suppose -n - 34 = -y*n. List the prime factors of n.
2, 17
Let v(u) = u - 4. Let t be v(6). Suppose 40 = k + 3*p, t*k - 5*p + 12 = 70. Suppose 5*n - 11 = k. What are the prime factors of n?
3
List the prime factors of (-211)/(-5) + 9/(-45).
2, 3, 7
Suppose -2*r - 3*k - k = -10, -4*r = -5*k - 20. What are the prime factors of r?
5
Let w = 67 - 20. Suppose -7 = -2*a + w. List the prime factors of a.
3
Let d be 2/2*(2 + 2). Let t be (1/(-1))/((-1)/d). Let i(a) = 3*a - 1. What are the prime factors of i(t)?
11
Let h = 151 - 101. List the prime factors of h.
2, 5
Let x(k) = 3*k**3 - 8*k**2 - 3*k + 8. Let o(h) = 2*h**3 - 5*h**2 - 2*h + 5. Let w(f) = 7*o(f) - 5*x(f). What are the prime factors of w(3)?
2
Suppose -4*i = 2*l + 2, -2*l + i = -i + 26. Let o(w) = -w. Let j(g) = -g**3 - 10*g**2 - 6*g + 2. Let q(f) = -j(f) - o(f). List the prime factors of q(l).
2
Suppose -3*z - z = -48. Let b = 30 - z. List the prime factors of b.
2, 3
Let y be 1*-2*(-2)/(-4). Let r = 5 - y. List the prime factors of r.
2, 3
Let x(r) = 2*r + 50. List the prime factors of x(16).
2, 41
Let k(m) = -m**3 + m + 1 + m**3 - 2*m**2 + m**3. Let p be k(2). Suppose -15 = p*g, -j + 5*j - g - 21 = 0. What are the prime factors of j?
2
Let c(n) = -5*n**3 - 3*n**3 + 4*n**3 + 2 + 4*n - 3*n**2 + 3*n**3. Let p be c(-4). Suppose 0 = -2*s + 3*f, 1 = -p*s - 5*f + 33. List the prime factors of s.
2, 3
Let u(g) = 8*g + 10. Let w be u(-3). Let q = 6 - w. List the prime factors of q.
2, 5
Let q = -59 + 94. What are the prime factors of q?
5, 7
Let i(j) = -3*j - 4*j + 3*j - 3 + j**2 + 2*j. Let u be i(4). Suppose -3*r + u = -1. What are the prime factors of r?
2
List the prime factors of ((-1)/(-2))/((-6)/(-24)).
2
What are the prime factors of 2*6/(-54) + (-2668)/(-18)?
2, 37
Let h(y) = -4*y. Let t be h(1). Let f = t - -6. List the prime factors of f.
2
Suppose 3*w - h = 17, -w = 5*h + 11 + 10. Let m(p) = 8*p - 4. List the prime factors of m(w).
2, 7
Suppose -x + 137 = -5*d, -116 = -x - 0*d - 2*d. Suppose -3*o = 4*n - x, -10 = -4*o - o. Let l = n + -20. List the prime factors of l.
3
Suppose 3*c - 84 = -0*c + 3*t, 4*c + 3*t - 105 = 0. Let z(i) = i**3 - i**2 + i - 156. Let a be z(0). List the prime factors of 4/18 - a/c.
2, 3
Let d be -1 - 0 - (-4 + 10). Let n(h) = h**3 + 6*h**2 - 8*h + 5. What are the prime factors of n(d)?
2, 3
Suppose -5*g + 54 + 160 = s, 20 = 5*s. List the prime factors of g.
2, 3, 7
Let k(v) = v**3 + 7*v**2 + 5*v - 2. Let l be -3 + (3 + -3 - 3). What are the prime factors of k(l)?
2
Let o(n) = n**3 - n**2 - n + 1. Let j be o(1). Suppose -2*b + 12 + 12 = j. Suppose 0 = -3*p + 2*g + 44, b = -4*g + g. List the prime factors of p.
2, 3
Suppose t + 3*t - 1044 = 0. List the prime factors of t.
3, 29
Suppose 19*v = 22*v. Suppose -3*l - 2*l + 80 = v. What are the prime factors of l?
2
Let s(c) = -17*c + 1. List the prime factors of s(-2).
5, 7
Suppose 5*g + 165 - 35 = 0. List the prime factors of (2 - g)*3/6.
2, 7
Let a(c) = -c**3 - 3*c**2 - c + 3. Let b be a(-3). Let y = 9 - b. List the prime factors of y.
3
Suppose d + 0*k - 78 = k, 2*d - 154 = k. List the prime factors of d.
2, 19
Suppose 0 = o + 2*o - 39. Suppose -h - o = -2*h. What are the prime factors of h?
13
Let m = -103 + 368. What are the prime factors of m?
5, 53
What are the prime factors of 1/(-1)*2 - -8?
2, 3
Let h(j) = -j**2 - 28. Let m be h(0). What are the prime factors of (-8)/m - (-68)/7?
2, 5
Let g(c) = -8*c + 6. Let z(w) = 15*w - 12. Let i(a) = 5*g(a) + 3*z(a). List the prime factors of i(6).
2, 3
Suppose 151 = 4*y + 43